{"id":330,"date":"2017-11-28T15:39:15","date_gmt":"2017-11-28T15:39:15","guid":{"rendered":"http:\/\/aemora.pt\/?page_id=330"},"modified":"2024-12-12T15:34:08","modified_gmt":"2024-12-12T14:34:08","slug":"jardim-de-infancia-de-brotas","status":"publish","type":"page","link":"https:\/\/www.aemora.pt\/?page_id=330","title":{"rendered":"Jardim de Inf\u00e2ncia de Brotas"},"content":{"rendered":"\t\t<div data-elementor-type=\"wp-post\" data-elementor-id=\"330\" class=\"elementor elementor-330\" data-elementor-post-type=\"page\">\n\t\t\t\t\t\t<section class=\"elementor-section elementor-top-section elementor-element elementor-element-c144b60 elementor-section-boxed elementor-section-height-default elementor-section-height-default\" data-id=\"c144b60\" data-element_type=\"section\" data-e-type=\"section\">\n\t\t\t\t\t\t<div class=\"elementor-container elementor-column-gap-default\">\n\t\t\t\t\t<div class=\"elementor-column elementor-col-100 elementor-top-column elementor-element elementor-element-983b954\" data-id=\"983b954\" data-element_type=\"column\" data-e-type=\"column\">\n\t\t\t<div class=\"elementor-widget-wrap elementor-element-populated\">\n\t\t\t\t\t\t<div class=\"elementor-element elementor-element-7fc5848 elementor-widget elementor-widget-spacer\" data-id=\"7fc5848\" data-element_type=\"widget\" data-e-type=\"widget\" data-widget_type=\"spacer.default\">\n\t\t\t\t<div class=\"elementor-widget-container\">\n\t\t\t\t\t\t\t<div class=\"elementor-spacer\">\n\t\t\t<div class=\"elementor-spacer-inner\"><\/div>\n\t\t<\/div>\n\t\t\t\t\t\t<\/div>\n\t\t\t\t<\/div>\n\t\t\t\t<div class=\"elementor-element elementor-element-90a6fcb elementor-widget-divider--view-line elementor-widget elementor-widget-divider\" data-id=\"90a6fcb\" data-element_type=\"widget\" data-e-type=\"widget\" data-widget_type=\"divider.default\">\n\t\t\t\t<div class=\"elementor-widget-container\">\n\t\t\t\t\t\t\t<div class=\"elementor-divider\">\n\t\t\t<span class=\"elementor-divider-separator\">\n\t\t\t\t\t\t<\/span>\n\t\t<\/div>\n\t\t\t\t\t\t<\/div>\n\t\t\t\t<\/div>\n\t\t\t\t<div class=\"elementor-element elementor-element-e7235a4 elementor-widget elementor-widget-heading\" data-id=\"e7235a4\" data-element_type=\"widget\" data-e-type=\"widget\" data-widget_type=\"heading.default\">\n\t\t\t\t<div class=\"elementor-widget-container\">\n\t\t\t\t\t<h2 class=\"elementor-heading-title elementor-size-default\">Informa\u00e7\u00f5es de Contacto<\/h2>\t\t\t\t<\/div>\n\t\t\t\t<\/div>\n\t\t\t\t<div class=\"elementor-element elementor-element-78c6376 elementor-widget elementor-widget-text-editor\" data-id=\"78c6376\" data-element_type=\"widget\" data-e-type=\"widget\" data-widget_type=\"text-editor.default\">\n\t\t\t\t<div class=\"elementor-widget-container\">\n\t\t\t\t\t\t\t\t\t<p><strong>Edificio<\/strong><\/p><p>Escola B\u00e1sica do 1\u00ba Ciclo e Jardim de Inf\u00e2ncia de Brotas<\/p><p><strong>Endere\u00e7o<\/strong><\/p><p>Rua Francisco Pereira Salgado 7490-024, Brotas<\/p><p><strong>Email<\/strong><\/p><p style=\"caret-color: #000000; color: #000000;\">secretaria.ebsmora@gmail.com<\/p><p><strong>Contacto<\/strong><\/p><p>(+351) 266 87 125<\/p>\t\t\t\t\t\t\t\t<\/div>\n\t\t\t\t<\/div>\n\t\t\t\t<div class=\"elementor-element elementor-element-205d1b6 elementor-widget-divider--view-line elementor-widget elementor-widget-divider\" data-id=\"205d1b6\" data-element_type=\"widget\" data-e-type=\"widget\" data-widget_type=\"divider.default\">\n\t\t\t\t<div class=\"elementor-widget-container\">\n\t\t\t\t\t\t\t<div class=\"elementor-divider\">\n\t\t\t<span class=\"elementor-divider-separator\">\n\t\t\t\t\t\t<\/span>\n\t\t<\/div>\n\t\t\t\t\t\t<\/div>\n\t\t\t\t<\/div>\n\t\t\t\t<div class=\"elementor-element elementor-element-e30140b elementor-widget elementor-widget-google_maps\" data-id=\"e30140b\" data-element_type=\"widget\" data-e-type=\"widget\" data-widget_type=\"google_maps.default\">\n\t\t\t\t<div class=\"elementor-widget-container\">\n\t\t\t\t\t\t\t<div class=\"elementor-custom-embed\">\n\t\t\t<iframe loading=\"lazy\"\n\t\t\t\t\tsrc=\"https:\/\/maps.google.com\/maps?q=Rua%20Francisco%20Pereira%20Salgado&#038;t=m&#038;z=13&#038;output=embed&#038;iwloc=near\"\n\t\t\t\t\ttitle=\"Rua Francisco Pereira Salgado\"\n\t\t\t\t\taria-label=\"Rua Francisco Pereira Salgado\"\n\t\t\t><\/iframe>\n\t\t<\/div>\n\t\t\t\t\t\t<\/div>\n\t\t\t\t<\/div>\n\t\t\t\t\t<\/div>\n\t\t<\/div>\n\t\t\t\t\t<\/div>\n\t\t<\/section>\n\t\t\t\t<\/div>\n\t\t","protected":false},"excerpt":{"rendered":"<p>Informa\u00e7\u00f5es de Contacto Edificio Escola B\u00e1sica do 1\u00ba Ciclo e Jardim de Inf\u00e2ncia de Brotas Endere\u00e7o Rua Francisco Pereira Salgado 7490-024, Brotas Email secretaria.ebsmora@gmail.com Contacto&hellip;<\/p>\n","protected":false},"author":2,"featured_media":0,"parent":0,"menu_order":0,"comment_status":"closed","ping_status":"closed","template":"","meta":{"_EventAllDay":false,"_EventTimezone":"","_EventStartDate":"","_EventEndDate":"","_EventStartDateUTC":"","_EventEndDateUTC":"","_EventShowMap":false,"_EventShowMapLink":false,"_EventURL":"","_EventCost":"","_EventCostDescription":"","_EventCurrencySymbol":"","_EventCurrencyCode":"","_EventCurrencyPosition":"","_EventDateTimeSeparator":"","_EventTimeRangeSeparator":"","_EventOrganizerID":[],"_EventVenueID":[],"_OrganizerEmail":"","_OrganizerPhone":"","_OrganizerWebsite":"","_VenueAddress":"","_VenueCity":"","_VenueCountry":"","_VenueProvince":"","_VenueState":"","_VenueZip":"","_VenuePhone":"","_VenueURL":"","_VenueStateProvince":"","_VenueLat":"","_VenueLng":"","_VenueShowMap":false,"_VenueShowMapLink":false,"footnotes":""},"class_list":["post-330","page","type-page","status-publish","hentry"],"featured_image_url":[],"post_author":"Agrupamento de Escolas de Mora","assigned_categories":"","_links":{"self":[{"href":"https:\/\/www.aemora.pt\/index.php?rest_route=\/wp\/v2\/pages\/330","targetHints":{"allow":["GET"]}}],"collection":[{"href":"https:\/\/www.aemora.pt\/index.php?rest_route=\/wp\/v2\/pages"}],"about":[{"href":"https:\/\/www.aemora.pt\/index.php?rest_route=\/wp\/v2\/types\/page"}],"author":[{"embeddable":true,"href":"https:\/\/www.aemora.pt\/index.php?rest_route=\/wp\/v2\/users\/2"}],"replies":[{"embeddable":true,"href":"https:\/\/www.aemora.pt\/index.php?rest_route=%2Fwp%2Fv2%2Fcomments&post=330"}],"version-history":[{"count":17,"href":"https:\/\/www.aemora.pt\/index.php?rest_route=\/wp\/v2\/pages\/330\/revisions"}],"predecessor-version":[{"id":78323,"href":"https:\/\/www.aemora.pt\/index.php?rest_route=\/wp\/v2\/pages\/330\/revisions\/78323"}],"wp:attachment":[{"href":"https:\/\/www.aemora.pt\/index.php?rest_route=%2Fwp%2Fv2%2Fmedia&parent=330"}],"curies":[{"name":"wp","href":"https:\/\/api.w.org\/{rel}","templated":true}]}}

Jardim de Infância de Brotas

<div data-elementor-type="wp-post" data-elementor-id="330" class="elementor elementor-330" data-elementor-post-type="page">
						<section class="elementor-section elementor-top-section elementor-element elementor-element-c144b60 elementor-section-boxed elementor-section-height-default elementor-section-height-default" data-id="c144b60" data-element_type="section" data-e-type="section">
						<div class="elementor-container elementor-column-gap-default">
					<div class="elementor-column elementor-col-100 elementor-top-column elementor-element elementor-element-983b954" data-id="983b954" data-element_type="column" data-e-type="column">
			<div class="elementor-widget-wrap elementor-element-populated">
						<div class="elementor-element elementor-element-7fc5848 elementor-widget elementor-widget-spacer" data-id="7fc5848" data-element_type="widget" data-e-type="widget" data-widget_type="spacer.default">
				<div class="elementor-widget-container">
							<div class="elementor-spacer">
			<div class="elementor-spacer-inner"></div>
		</div>
						</div>
				</div>
				<div class="elementor-element elementor-element-90a6fcb elementor-widget-divider--view-line elementor-widget elementor-widget-divider" data-id="90a6fcb" data-element_type="widget" data-e-type="widget" data-widget_type="divider.default">
				<div class="elementor-widget-container">
							<div class="elementor-divider">
			<span class="elementor-divider-separator">
						</span>
		</div>
						</div>
				</div>
				<div class="elementor-element elementor-element-e7235a4 elementor-widget elementor-widget-heading" data-id="e7235a4" data-element_type="widget" data-e-type="widget" data-widget_type="heading.default">
				<div class="elementor-widget-container">
					<h2 class="elementor-heading-title elementor-size-default">Informações de Contacto</h2>				</div>
				</div>
				<div class="elementor-element elementor-element-78c6376 elementor-widget elementor-widget-text-editor" data-id="78c6376" data-element_type="widget" data-e-type="widget" data-widget_type="text-editor.default">
				<div class="elementor-widget-container">
									<p><strong>Edificio</strong></p><p>Escola Básica do 1º Ciclo e Jardim de Infância de Brotas</p><p><strong>Endereço</strong></p><p>Rua Francisco Pereira Salgado 7490-024, Brotas</p><p><strong>Email</strong></p><p style="caret-color: #000000; color: #000000;">secretaria.ebsmora@gmail.com</p><p><strong>Contacto</strong></p><p>(+351) 266 87 125</p>								</div>
				</div>
				<div class="elementor-element elementor-element-205d1b6 elementor-widget-divider--view-line elementor-widget elementor-widget-divider" data-id="205d1b6" data-element_type="widget" data-e-type="widget" data-widget_type="divider.default">
				<div class="elementor-widget-container">
							<div class="elementor-divider">
			<span class="elementor-divider-separator">
						</span>
		</div>
						</div>
				</div>
				<div class="elementor-element elementor-element-e30140b elementor-widget elementor-widget-google_maps" data-id="e30140b" data-element_type="widget" data-e-type="widget" data-widget_type="google_maps.default">
				<div class="elementor-widget-container">
							<div class="elementor-custom-embed">
			<iframe loading="lazy"
					src="https://maps.google.com/maps?q=Rua%20Francisco%20Pereira%20Salgado&#038;t=m&#038;z=13&#038;output=embed&#038;iwloc=near"
					title="Rua Francisco Pereira Salgado"
					aria-label="Rua Francisco Pereira Salgado"
			></iframe>
		</div>
						</div>
				</div>
					</div>
		</div>
					</div>
		</section>
				</div>

<p>Informações de Contacto Edificio Escola Básica do 1º Ciclo e Jardim de Infância de Brotas Endereço Rua Francisco Pereira Salgado 7490-024, Brotas Email secretaria.ebsmora@gmail.com Contacto&hellip;</p>
