{"id":470,"date":"2017-11-30T10:45:12","date_gmt":"2017-11-30T10:45:12","guid":{"rendered":"http:\/\/aemora.pt\/?page_id=470"},"modified":"2018-04-04T16:32:12","modified_gmt":"2018-04-04T16:32:12","slug":"alunos","status":"publish","type":"page","link":"https:\/\/www.aemora.pt\/?page_id=470","title":{"rendered":"Alunos"},"content":{"rendered":"<p style=\"text-align: center;\"><span style=\"font-size: 16px;\"><strong>Informa\u00e7\u00e3o do Apuramento de alunos do Pangea<\/strong><\/span><\/p>\n<p>2\u00aa fase do concurso &#8211; 28 de abril na FCT-UNL em Almada.<\/p>\n<p>Os alunos apurados foram os seguintes:<\/p>\n<p style=\"padding-left: 30px;\">&#8211; Dinis Brites e Rafael Poeiras, 3\u00ba ano;<br \/>\n&#8211; Ant\u00f3nio Lascas, Diana Flor\u00eancio, Maria Mendon\u00e7a da Luz e Maria Azevedo, 6\u00ba ano;<br \/>\n&#8211; Diogo Mendes e Joana Pires, 8\u00baano;<br \/>\n&#8211; Jos\u00e9 Aniceto, 9\u00baano.<\/p>\n<p style=\"text-align: right;\"><em>A Dire\u00e7\u00e3o do Agrupamento<\/em><\/p>\n","protected":false},"excerpt":{"rendered":"<p>Informa\u00e7\u00e3o do Apuramento de alunos do Pangea 2\u00aa fase do concurso &#8211; 28 de abril na FCT-UNL em Almada. Os alunos apurados foram os seguintes:&hellip;<\/p>\n","protected":false},"author":2,"featured_media":0,"parent":0,"menu_order":0,"comment_status":"closed","ping_status":"closed","template":"","meta":{"_EventAllDay":false,"_EventTimezone":"","_EventStartDate":"","_EventEndDate":"","_EventStartDateUTC":"","_EventEndDateUTC":"","_EventShowMap":false,"_EventShowMapLink":false,"_EventURL":"","_EventCost":"","_EventCostDescription":"","_EventCurrencySymbol":"","_EventCurrencyCode":"","_EventCurrencyPosition":"","_EventDateTimeSeparator":"","_EventTimeRangeSeparator":"","_EventOrganizerID":[],"_EventVenueID":[],"_OrganizerEmail":"","_OrganizerPhone":"","_OrganizerWebsite":"","_VenueAddress":"","_VenueCity":"","_VenueCountry":"","_VenueProvince":"","_VenueState":"","_VenueZip":"","_VenuePhone":"","_VenueURL":"","_VenueStateProvince":"","_VenueLat":"","_VenueLng":"","_VenueShowMap":false,"_VenueShowMapLink":false,"footnotes":""},"class_list":["post-470","page","type-page","status-publish","hentry"],"featured_image_url":[],"post_author":"Agrupamento de Escolas de Mora","assigned_categories":"","_links":{"self":[{"href":"https:\/\/www.aemora.pt\/index.php?rest_route=\/wp\/v2\/pages\/470","targetHints":{"allow":["GET"]}}],"collection":[{"href":"https:\/\/www.aemora.pt\/index.php?rest_route=\/wp\/v2\/pages"}],"about":[{"href":"https:\/\/www.aemora.pt\/index.php?rest_route=\/wp\/v2\/types\/page"}],"author":[{"embeddable":true,"href":"https:\/\/www.aemora.pt\/index.php?rest_route=\/wp\/v2\/users\/2"}],"replies":[{"embeddable":true,"href":"https:\/\/www.aemora.pt\/index.php?rest_route=%2Fwp%2Fv2%2Fcomments&post=470"}],"version-history":[{"count":5,"href":"https:\/\/www.aemora.pt\/index.php?rest_route=\/wp\/v2\/pages\/470\/revisions"}],"predecessor-version":[{"id":80390,"href":"https:\/\/www.aemora.pt\/index.php?rest_route=\/wp\/v2\/pages\/470\/revisions\/80390"}],"wp:attachment":[{"href":"https:\/\/www.aemora.pt\/index.php?rest_route=%2Fwp%2Fv2%2Fmedia&parent=470"}],"curies":[{"name":"wp","href":"https:\/\/api.w.org\/{rel}","templated":true}]}}